*v - 40. Let l be w(-21). What is the remainder when 74 is divided by l + -15*(-5)/15?
4
Suppose -2*d + s = -4*d + 44, -5*d + 117 = -s. Calculate the remainder when d is divided by (-6)/(-10) - 235/(-25).
3
Let k(w) = 6*w + 59. Let z be k(-8). Suppose -g + z = -0*g + 2*r, r + 77 = 5*g. What is the remainder when 88 is divided by g?
13
Suppose 7*x = 5*x - o + 34, -2*x + 10 = -5*o. Suppose 0 = x*v - 334 + 124. Calculate the remainder when 62 is divided by v.
6
Let j be (32/4 + 10)*(-19)/3. Let l = 182 + j. What is the remainder when 200 is divided by l?
64
Let u(q) = q**3 + 23*q**2 - 48*q + 105. Calculate the remainder when 6929 is divided by u(-25).
54
Let s(m) = -m**2 - 2*m + 323. Let t(n) = n**2 + 3*n - 4. Let d be t(-4). Calculate the remainder when s(d) is divided by 47.
41
Let n = 25 - 23. Suppose 2 = n*m - 4*p - 4, 4*m - 24 = 2*p. Suppose -m*d - 4 = -25. Calculate the remainder when d is divided by 2.
1
Let g(r) = 5*r - 80. Let v be g(16). Suppose 3*x + 4*y + 22 - 98 = v, -x + 24 = 2*y. Calculate the remainder when 527 is divided by x.
23
Let l = 2522 + -2068. What is the remainder when l is divided by 2?
0
Suppose -6 = -3*a + 2*m + 2, 5*a + 3*m = 45. What is the remainder when (-311)/(-3) + (-430)/258 is divided by (-2)/(a/(-117)*3)?
11
Let p = -220 + 223. Suppose 4*g = -p*r + 217, 5 = -r - 4*r. What is the remainder when g is divided by 83/3 - (-1)/3?
27
Suppose -3*x = 4*g - 85 + 12, -g = 5*x - 150. Calculate the remainder when 2572 is divided by x.
30
Suppose -2*w - 2*m = -22, 3*w = 4*w - 2*m - 11. Suppose 103 = 4*l - 49. What is the remainder when l is divided by w?
5
Let w be -7 + 10 + -1 + 407. Let p = 418 - w. What is the remainder when 404 is divided by p?
8
What is the remainder when 5877 is divided by (-137613)/(-819) + (-8)/312?
165
Let r(z) be the second derivative of -z**4/12 + 13*z**3/6 + 3*z**2 - z + 7. Let k = 17 + -4. What is the remainder when r(10) is divided by k?
10
Suppose 0 = 7*b + 5*o - 12076, 5*o = 3*b + 2*b - 8660. Calculate the remainder when b is divided by 13.
12
Let l(u) = u**2 - 13*u - 91. What is the remainder when 130 is divided by l(20)?
32
Calculate the remainder when 79 is divided by -8*27/60*-5.
7
Let z(o) = o**2 - 12*o - 27. Let n be z(12). Let c be (-3)/((n/(-600))/(18/(-15))). Suppose 4*r = 392 - c. What is the remainder when r is divided by 20?
18
What is the remainder when (-88592)/(-91) + 72/156 is divided by 26?
12
Let l = 336 + -197. Let y = -1586 + 1615. Calculate the remainder when l is divided by y.
23
Calculate the remainder when (-2860)/6*(-20 - -17) is divided by 355.
10
Let c(r) = 198*r - 103*r - 104*r. Calculate the remainder when c(-3) is divided by 25.
2
Let j = -332 - -598. Suppose -8*k = -22 - j. Let i = 17 + k. Calculate the remainder when i is divided by 14.
11
Let j = -16392 - -16474. What is the remainder when 529 is divided by j?
37
Let s be 3651/27 - 12/54. Suppose 2*k = -5*n + s, 4*k - 5 = -n + 40. Let h(p) = p**2 - 2*p + 1. Calculate the remainder when n is divided by h(4).
7
Let c be (28/(-12))/((-5)/75). Let o = 37 - c. Suppose o*z = 84 + 4. Calculate the remainder when z is divided by 8.
4
Calculate the remainder when 187 is divided by -8 - (2/(-10) + (-938)/35).
16
Let g(w) = -123 - 4*w + 29 + 33 + 37. Let m(a) = -4*a + 4. Let s be m(5). What is the remainder when g(s) is divided by 11?
7
Suppose 0 = 5*j - j - 8. Let h(n) = j*n**3 + n**3 + n**2 + 3*n - 3 - n. Calculate the remainder when h(2) is divided by 15.
14
Suppose 218*y + 8946 = 236*y. What is the remainder when y is divided by 40?
17
Suppose 4*m = -5*o + 2*m - 4, 4*o + 6 = -3*m. Suppose o = v + 48 - 26. Let i = v + 25. Calculate the remainder when 26 is divided by i.
2
Let q(u) = -12*u**2 + 1635*u - 301. Let b = 43 - 21. What is the remainder when q(136) is divided by b?
19
Let f = -101 - -169. Suppose -4*q + f + 104 = 0. Suppose 32 + q = 5*b. Calculate the remainder when 55 is divided by b.
10
Suppose 3*c - 154 - 287 = 0. Let z = c - 124. What is the remainder when (113/(-3))/(2/(-6)) is divided by z?
21
Calculate the remainder when ((-10)/(-125)*5 - 1)*-905 is divided by 38.
11
Let x(c) = 15*c**2 + 11*c. Suppose -123 = -3*q + 3*g, -75 = -4*q + 3*g + 88. Suppose -q = 4*w - 28. What is the remainder when x(w) is divided by 35?
32
Let j(t) = 302*t + 1 - 303*t + 116. What is the remainder when j(11) is divided by 57?
49
Calculate the remainder when 200/140*77/3*3 is divided by 15/(-6)*3*116/(-30).
23
Let u = 6 - -46. What is the remainder when u is divided by 2*4 - 17/(-17)?
7
Calculate the remainder when 18 + 86 + 9/1 is divided by (-3)/(-2)*-2 + 32.
26
Let m = -189 + 13. Let j = 211 + m. What is the remainder when j is divided by 13?
9
Suppose d = 4*n + 1905, 4*d + 255*n - 259*n = 7656. What is the remainder when d is divided by 113?
109
Let u be (76*(-18)/(-96))/(1/(-12)). Let k = -77 - u. Let l = -32 + k. Calculate the remainder when l is divided by 13.
10
Let j = -21 + 23. Suppose 5*c - j = 5*d + 68, 0 = -3*c + d + 34. Calculate the remainder when 249 is divided by c.
9
Suppose -1690 = 117*h - 143*h. What is the remainder when 435 is divided by h?
45
Let a = 6 - 42. Let v be 457/(-3) + (-3)/a*4. Let j = 316 + v. What is the remainder when j is divided by 33?
32
Let m = -3748 + 3768. What is the remainder when 91 is divided by m?
11
Let f be 138/(-4)*10/15. Let y be f - -22 - (0 - 14). Calculate the remainder when 118 is divided by y/26 - (-78)/4.
18
Suppose -11 = -x + 7*f - 6*f, 20 = x - 4*f. Let j = -34 - -72. Let g = j + -15. Calculate the remainder when g is divided by x.
7
Let f = -113 + 137. Suppose -7630 = -f*h - 11*h. What is the remainder when h is divided by 44?
42
Suppose -113 = -3*a + 4*o, -9*a - 115 = -12*a + 5*o. What is the remainder when 856 is divided by a?
16
Calculate the remainder when 1475 is divided by 4 - ((-30)/(-10) + -16).
13
Suppose -22 = -m + 26. Suppose -48*v + 44*v = m. Let r(d) = -4*d + 3. Calculate the remainder when r(v) is divided by 27.
24
Let r = -45 - -47. Suppose 7*x = r*x + 60. What is the remainder when 83 is divided by x?
11
What is the remainder when 1203 is divided by (3350/125)/((-20)/(-50))?
64
Suppose -125 = 17*o - 22*o. Calculate the remainder when 57 is divided by (-5)/(o/(-85)) - 4/2.
12
Suppose 63*l - 24341 = -12*l - 6266. Calculate the remainder when 529 is divided by l.
47
Suppose -28*j + 24*j + 40 = 0. Suppose 4*m = -2 + j. Suppose 0 = m*h - 0*h + a - 6, 2 = -2*h + a. What is the remainder when 7 is divided by h?
0
Let b(x) = 4*x - 3. Let v(n) = 7*n**2 - 246*n + 280. What is the remainder when v(34) is divided by b(2)?
3
Let n = 25 - 21. What is the remainder when (608/(-10) - -4)/(24/(-60)) is divided by n/(-3)*(8 - 35)?
34
Suppose 15*c - 8764 + 2219 - 5425 = 0. What is the remainder when c is divided by 35?
28
Let d = -44 + 59. Let i(r) = -r**3 + 16*r**2 - 5*r + 150. Calculate the remainder when i(d) is divided by 78.
66
Let t be -7 + 23/(9/(-9)). Suppose -3*r = 2*r + 140. Calculate the remainder when 128 is divided by (-1324)/t - r/(-210).
40
Let g = 803 - 1135. Let j = g - -342. What is the remainder when 168 is divided by j?
8
Let n(x) = -2*x**3 + 19*x**2 + 63*x - 12. Calculate the remainder when 48 is divided by n(12).
0
Let y be -3*(-130792)/(-48) - (-3)/2. What is the remainder when (2/(-6))/(y/(-1023) - 8) is divided by 19?
12
What is the remainder when 93 is divided by (22/3)/((1/16)/((-90)/(-120)))?
5
Suppose 3*f + 6884 = 4*z, -23*f + 1708 = z - 27*f. Calculate the remainder when z is divided by 96.
92
What is the remainder when 986 is divided by (6072/(-230))/(1/(30/(-8)))?
95
What is the remainder when -14 + 37/((-592)/(-3840)) is divided by 28?
2
Let b(m) = m**3 - 7*m**2 + 11*m - 33. Let p be b(6). Let a(f) = 4*f - 35. Let s be a(22). Let q = p + s. What is the remainder when q is divided by 15?
5
Let o = -369 + 371. Calculate the remainder when 60 is divided by o.
0
Suppose 23428 + 37243 = 169*h. Suppose -z - z = -144. Calculate the remainder when h is divided by z.
71
Suppose -84*y + 70*y + 2141 = -3137. Let h = 127 - 50. Calculate the remainder when y is divided by h.
69
Suppose -18250 = -9*b - 16*b. Suppose -19*j + 3*f = -14*j - b, 0 = 3*j + 4*f - 438. What is the remainder when j is divided by 4?
2
Suppose -s = -2*y - 0*y + 31, -3*s = 